of 975.
3, 5, 13
List the prime factors of 10819.
31, 349
List the prime factors of 4294.
2, 19, 113
List the prime factors of 36090.
2, 3, 5, 401
What are the prime factors of 2796?
2, 3, 233
What are the prime factors of 1608?
2, 3, 67
What are the prime factors of 7510?
2, 5, 751
List the prime factors of 8604.
2, 3, 239
What are the prime factors of 9104?
2, 569
List the prime factors of 622.
2, 311
List the prime factors of 1436.
2, 359
List the prime factors of 180918.
2, 3, 19, 23
List the prime factors of 5559.
3, 17, 109
List the prime factors of 323.
17, 19
List the prime factors of 3146.
2, 11, 13
What are the prime factors of 49416?
2, 3, 29, 71
What are the prime factors of 39586?
2, 19793
What are the prime factors of 13034?
2, 7, 19
What are the prime factors of 18297?
3, 19, 107
List the prime factors of 1514.
2, 757
List the prime factors of 915.
3, 5, 61
List the prime factors of 11068.
2, 2767
What are the prime factors of 14310?
2, 3, 5, 53
What are the prime factors of 153466?
2, 76733
List the prime factors of 1922.
2, 31
What are the prime factors of 77580?
2, 3, 5, 431
What are the prime factors of 1131?
3, 13, 29
List the prime factors of 40561.
47, 863
What are the prime factors of 30907?
31, 997
List the prime factors of 7962.
2, 3, 1327
What are the prime factors of 4892?
2, 1223
List the prime factors of 8976.
2, 3, 11, 17
List the prime factors of 3151.
23, 137
What are the prime factors of 104461?
7, 14923
List the prime factors of 791.
7, 113
What are the prime factors of 18752?
2, 293
What are the prime factors of 47?
47
What are the prime factors of 2143?
2143
What are the prime factors of 205976?
2, 25747
What are the prime factors of 11671?
11, 1061
List the prime factors of 1401.
3, 467
What are the prime factors of 30566?
2, 17, 29, 31
What are the prime factors of 21214?
2, 10607
List the prime factors of 101049.
3, 13, 2591
What are the prime factors of 2914?
2, 31, 47
What are the prime factors of 9301?
71, 131
What are the prime factors of 63509?
41, 1549
What are the prime factors of 7254?
2, 3, 13, 31
List the prime factors of 26162.
2, 103, 127
What are the prime factors of 25535?
5, 5107
What are the prime factors of 12114?
2, 3, 673
What are the prime factors of 14085?
3, 5, 313
What are the prime factors of 65595?
3, 5, 4373
What are the prime factors of 11054?
2, 5527
List the prime factors of 14996.
2, 23, 163
List the prime factors of 41877.
3, 11, 47
List the prime factors of 40455.
3, 5, 29, 31
List the prime factors of 387.
3, 43
List the prime factors of 326.
2, 163
List the prime factors of 43460.
2, 5, 41, 53
What are the prime factors of 10392?
2, 3, 433
What are the prime factors of 33813?
3, 13, 17
What are the prime factors of 2689?
2689
List the prime factors of 14940.
2, 3, 5, 83
List the prime factors of 2356.
2, 19, 31
List the prime factors of 22855.
5, 7, 653
What are the prime factors of 7759?
7759
List the prime factors of 26973.
3, 37
What are the prime factors of 10?
2, 5
List the prime factors of 148485.
3, 5, 19, 521
List the prime factors of 3375.
3, 5
What are the prime factors of 1486?
2, 743
What are the prime factors of 9468?
2, 3, 263
List the prime factors of 3241.
7, 463
What are the prime factors of 4378?
2, 11, 199
What are the prime factors of 20?
2, 5
What are the prime factors of 1801?
1801
List the prime factors of 19295.
5, 17, 227
What are the prime factors of 63?
3, 7
What are the prime factors of 1167?
3, 389
List the prime factors of 1814.
2, 907
List the prime factors of 643.
643
List the prime factors of 16537.
23, 719
What are the prime factors of 4571?
7, 653
What are the prime factors of 2141?
2141
What are the prime factors of 117?
3, 13
List the prime factors of 9703.
31, 313
What are the prime factors of 6431?
59, 109
List the prime factors of 5623.
5623
What are the prime factors of 3216?
2, 3, 67
List the prime factors of 1004.
2, 251
List the prime factors of 49338.
2, 3, 2741
What are the prime factors of 843?
3, 281
What are the prime factors of 24641?
41, 601
What are the prime factors of 38761?
83, 467
List the prime factors of 51086.
2, 7, 41, 89
What are the prime factors of 36423?
3, 19, 71
List the prime factors of 8485.
5, 1697
What are the prime factors of 23233?
7, 3319
What are the prime factors of 1742?
2, 13, 67
List the prime factors of 20427.
3, 11, 619
What are the prime factors of 1633?
23, 71
What are the prime factors of 12552?
2, 3, 523
List the prime factors of 11601.
3, 1289
List the prime factors of 3918.
2, 3, 653
What are the prime factors of 100691?
17, 5923
List the prime factors of 2401.
7
List the prime factors of 28889.
7, 4127
What are the prime factors of 13505?
5, 37, 73
What are the prime factors of 1480?
2, 5, 37
List the prime factors of 77266.
2, 7, 5519
What are the prime factors of 768?
2, 3
What are the prime factors of 13667?
79, 173
What are the prime factors of 490?
2, 5, 7
What are the prime factors of 20871?
3, 773
What are the prime factors of 1904?
2, 7, 17
List the prime factors of 21155.
5, 4231
What are the prime factors of 20044?
2, 5011
List the prime factors of 1510.
2, 5, 151
List the prime factors of 5338.
2, 17, 157
What are the prime factors of 1063?
1063
What are the prime factors of 26814?
2, 3, 41, 109
What are the prime factors of 16153?
29, 557
List the prime factors of 95645.
5, 11, 37, 47
List the prime factors of 1219.
23, 53
List the prime factors of 2368.
2, 37
List the prime factors of 50424.
2, 3, 11, 191
List the prime factors of 2631.
3, 877
What are the prime factors of 13038?
2, 3, 41, 53
List the prime factors of 31661.
7, 4523
List the prime factors of 21366.
2, 3, 1187
List the prime factors of 1591.
37, 43
List the prime factors of 1502.
2, 751
List the prime factors of 289.
17
List the prime factors of 8556.
2, 3, 23, 31
List the prime factors of 877.
877
List the prime factors of 38999.
59, 661
What are the prime factors of 80881?
29, 2789
What are the prime factors of 21824?
2, 11, 31
List the prime factors of 3628.
2, 907
What are the prime factors of 417?
3, 139
List the prime factors of 10365.
3, 5, 691
List the prime factors of 12452.
2, 11, 283
What are the prime factors of 33280?
2, 5, 13
What are the prime factors of 667?
23, 29
List the prime factors of 639.
3, 71
List the prime factors of 554.
2, 277
List the prime factors of 21664.
2, 677
What are the prime factors of 531?
3, 59
What are the prime factors of 4305?
3, 5, 7, 41
What are the prime factors of 107?
107
What are the prime factors of 4946?
2, 2473
List the prime factors of 19205.
5, 23, 167
List the prime factors of 3006.
2, 3, 167
What are the prime factors of 7530?
2, 3, 5, 251
What are the prime factors of 7439?
43, 173
What are the prime factors of 319?
11, 29
List the prime factors of 2270.
2, 5, 227
List the prime factors of 474.
2, 3, 79
List the prime factors of 127023.
3, 13, 3257
List the prime factors of 21200.
2, 5, 53
List the prime factors of 778.
2, 389
What are the prime factors of 474?
2, 3, 79
List the prime factors of 38199.
3, 7, 17, 107
List the prime factors of 43102.
2, 23, 937
List the prime factors of 1382.
2, 691
What are the prime factors of 92849?
92849
List the prime factors of 179.
179
What are the prime factors of 14764?
2, 3691
List the prime factors of 11325.
3, 5, 151
List the prime factors of 1038.
2, 3, 173
What are the prime factors of 403?
13, 31
What are the prime factors of 676?
2, 13
What are the prime factors of 133547?
83, 1609
List the prime factors of 11911.
43, 277
List the prime factors of 1380.
2, 3, 5, 23
What are the prime factors of 23179?
13, 1783
List the prime factors of 829.
829
What are the prime factors of 17559?
3, 1951
List the prime factors of 62062.
2, 7, 11, 13, 31
List the prime factors of 90954.
2, 3, 31, 163
List the prime factors of 101613.
3, 33871
List the prime factors of 7055.
5, 17, 83
List the prime factors of 12058.
2, 6029
List the prime factors of 4159.
4159
List the prime factors of 24173.
23, 1051
What are the prime factors of 870?
2, 3, 5, 29
List the prime factors of 2123.
11, 193
List the prime factors of 2335.
5, 467
What are the prime factors of 48954?
2, 3, 41, 199
List the prime factors of 15544.
2, 29, 67